e 2, what is -101111100000101111001 - 100?
-101111100000101111101
In base 15, what is -3 + 226e36?
226e33
In base 13, what is 68c4 + -138b?
5536
In base 13, what is 1a5a4 - 13478?
7129
In base 9, what is -10460 - -2023?
-7436
In base 7, what is 124 - 426?
-302
In base 12, what is ab6441a - 4?
ab64416
In base 7, what is -13246441 - 133?
-13246604
In base 4, what is -22330033 - -1220123?
-21103310
In base 15, what is -19639e0 + 2?
-19639dd
In base 10, what is -541164 + 93?
-541071
In base 10, what is 8960905 - 1?
8960904
In base 16, what is 5d8a4a + 49?
5d8a93
In base 7, what is 13524 + -20234?
-3410
In base 10, what is -3 - 190686437?
-190686440
In base 11, what is -6 - 3934a331?
-3934a337
In base 13, what is -a - -194693?
194686
In base 5, what is -31204012122 - 1?
-31204012123
In base 15, what is 2e + 45d74?
45da3
In base 7, what is -2 + -2350114?
-2350116
In base 5, what is -13344 + 31014?
12120
In base 11, what is 859 - -6673?
7421
In base 7, what is -1043553 - 1060?
-1044643
In base 14, what is -8ca1a - -d?
-8ca0b
In base 8, what is 16 - -11704325?
11704343
In base 3, what is 200 - -2011011111100212?
2011011111101112
In base 2, what is 1101 - 1010100000101111100?
-1010100000101101111
In base 16, what is 9283 - -7e5?
9a68
In base 9, what is 2652002 - -55?
2652057
In base 11, what is 7312 + -6871a?
-61408
In base 16, what is 5 + 1577a7?
1577ac
In base 16, what is -22d19 - -69?
-22cb0
In base 8, what is 2112 - -303165?
305277
In base 14, what is -407523 + -2?
-407525
In base 5, what is 14030242 + 3001?
14033243
In base 10, what is -182 + -8103271?
-8103453
In base 16, what is -22087f4 + 1?
-22087f3
In base 6, what is -3145340 - 35433?
-3225213
In base 10, what is -71 - -12109838?
12109767
In base 14, what is -26c - -12cb4?
12a46
In base 12, what is -14 + ba745?
ba731
In base 2, what is 101110001011011111011 + 1000?
101110001011100000011
In base 2, what is 101010 + -111010000111010?
-111010000010000
In base 4, what is -2 - 1132212102?
-1132212110
In base 4, what is -10123102202 - 10203?
-10123113011
In base 11, what is 0 + -31896?
-31896
In base 9, what is 563 + -3826140?
-3825466
In base 5, what is 113310002 + -12?
113304440
In base 5, what is -32040230443 - 4?
-32040231002
In base 9, what is -37 - -16105070?
16105032
In base 15, what is -9 - -2a339e?
2a3395
In base 14, what is 1327d9 - -3?
1327dc
In base 12, what is 7 - 2797054?
-2797049
In base 14, what is 4a954 + -d?
4a945
In base 5, what is 2 - 4022411232?
-4022411230
In base 15, what is -211 - -491b?
470a
In base 6, what is 35330315 - -150?
35330505
In base 11, what is 17aaa6a38 - -2?
17aaa6a3a
In base 15, what is -1 + 103816ea?
103816e9
In base 3, what is -1222221121101 + -102?
-1222221121210
In base 11, what is 5 - 14390a7?
-14390a2
In base 16, what is -12 - -dc417?
dc405
In base 7, what is -234 + -14460061?
-14460325
In base 16, what is -3f1 + -1f632?
-1fa23
In base 13, what is 5 + -6ba12c?
-6ba127
In base 2, what is 10001100111110110 + -10100011011011?
1111000100011011
In base 7, what is 11 - 110452112?
-110452101
In base 3, what is 21212010101 + 2020?
21212012121
In base 16, what is -22 - 203f7f?
-203fa1
In base 15, what is 1 + -1593231?
-1593230
In base 2, what is 1 + -11011011110101111000?
-11011011110101110111
In base 2, what is -110100001 + -1110001100000?
-1111000000001
In base 15, what is -238e + 3289?
dea
In base 10, what is 329 + 44022?
44351
In base 8, what is 5062 - 226?
4634
In base 4, what is -2 + -221331330013?
-221331330021
In base 2, what is -11011000001100100 - -1000001?
-11011000000100011
In base 13, what is 4 - 304c98?
-304c94
In base 14, what is -2c + -cd3d?
-cd6b
In base 6, what is 5432 - -23?
5455
In base 11, what is 6409aa + 6?
640a05
In base 8, what is -10 - 32515133?
-32515143
In base 12, what is -1408ab - -1b?
-140890
In base 4, what is -3212303 + -11333?
-3230302
In base 12, what is 1 + -101883a?
-1018839
In base 12, what is 6061 - -4963?
aa04
In base 10, what is -526 + -612?
-1138
In base 5, what is 12243442 - -44221?
12343213
In base 6, what is 2 - -122402525?
122402531
In base 16, what is 0 + fc99c?
fc99c
In base 12, what is -505aa97 + 19?
-505aa7a
In base 2, what is -100010000000100100 + -10000000001001?
-100100000000101101
In base 10, what is -7 + -1231686?
-1231693
In base 13, what is 50b70 - -11a?
50c8a
In base 16, what is 2bb4bb0 - -4?
2bb4bb4
In base 7, what is 6136 - -21630?
31066
In base 14, what is -a + 31c818?
31c80c
In base 2, what is -111010100110 + 110011001011?
-111011011
In base 4, what is -120121133 - -101102?
-120020031
In base 16, what is -1b - -52eba3?
52eb88
In base 3, what is 111001102210222 - 10?
111001102210212
In base 6, what is 252151552 - 0?
252151552
In base 5, what is 43 + 3031301434?
3031302032
In base 2, what is -1010010010000010010111010 + 1?
-1010010010000010010111001
In base 15, what is -2711d73 - -3?
-2711d70
In base 14, what is -385752 + a?
-385746
In base 5, what is 11 + -221243333?
-221243322
In base 13, what is a26b + 17b93?
25131
In base 14, what is 434 + -241d?
-1dc9
In base 10, what is -4944318 + -3?
-4944321
In base 12, what is -12b92 + -85?
-13057
In base 3, what is -102 - 21220121022?
-21220121201
In base 5, what is 44432022 + -10031?
44421441
In base 5, what is 4004214 + -2444?
4001220
In base 13, what is -995850 + 3?
-99584a
In base 2, what is 10001010110 + -10001111100000111000?
-10001111001111100010
In base 7, what is 125516306 - 13?
125516263
In base 10, what is 4 - -10619266?
10619270
In base 11, what is 2a + 42731?
42760
In base 11, what is 1434156 + -2a?
1434127
In base 15, what is -17d598 + -116?
-17d6ae
In base 2, what is 10011110000111011001 - -1?
10011110000111011010
In base 7, what is 3165316 - 264?
3165022
In base 12, what is 1172a7b80 - -4?
1172a7b84
In base 2, what is 101 + 110100000111101000011000?
110100000111101000011101
In base 2, what is 1010100100001011 - 1110111000010?
1000101101001001
In base 6, what is -11 - -2114423213?
2114423202
In base 16, what is -5 - -6983cc?
6983c7
In base 6, what is 130431 + 2045?
132520
In base 9, what is -57 + -438581?
-438648
In base 10, what is -2041 - -578?
-1463
In base 7, what is 416113 - -14523?
433636
In base 15, what is -9d00 - a3?
-9da3
In base 12, what is -635 - -949?
314
In base 16, what is 1e3b - 487b?
-2a40
In base 12, what is -9b165 + -145?
-9b2aa
In base 3, what is 100222 - -2221112201?
2221220200
In base 9, what is 0 - 3735568?
-3735568
In base 13, what is 16 + -16129a?
-161284
In base 7, what is -223 + -10641026?
-10641252
In base 10, what is -36377 - -208?
-36169
In base 15, what is c - 15b4ec?
-15b4e0
In base 12, what is 275 - 4557?
-42a2
In base 8, what is 5 + 5715724?
5715731
In base 9, what is -4806830 + -16?
-4806846
In base 4, what is 1103 - 302231212?
-302230103
In base 8, what is 323 + -27247?
-26724
In base 7, what is -506236 - -122?
-506114
In base 3, what is -10012 + -1021200200211?
-1021200211000
In base 8, what is 601514 - -3431?
605145
In base 12, what is -9b - -49781?
496a2
In base 13, what is 531622 + -1?
531621
In base 9, what is 3241532 + 2?
3241534
In base 15, what is -2 + -2867c1?
-2867c3
In base 16, what is -1b0a + -ce?
-1bd8
In base 8, what is 25730 + -56?
25652
In base 3, what is -2 - 12100100012110?
-12100100012112
In base 5, what is -440411300 - -4?
-440411241
In base 2, what is 100 - -100011010101100010010011?
100011010101100010010111
In base 12, what is 2289582 + -5?
2289579
In base 10, what is -4 - -15277595?
15277591
In base 13, what is -3ca - 19b9?
-20b6
In base 7, what is -140401 - -15544?
-121524
In base 2, what is 1 + -10111011010100000011?
-10111011010100000010
In base 9, what is 31322152 + 1?
31322153
In base 8, what is 2066 - 3711703?
-3707615
In base 2, what is -1110011010001001101111 - -10001010?
-1110011010000111100101
In base 4, what is -2102232 + 103111?
-1333121
In base 10, what is 6738580 + -5?
6738575
In base 5, what is -144331210 + 124?
-144331031
In base 16, what is 8d33e7a + -5?
8d33e75
In base 3, what is 21 - 21002121102102?
-21002121102011
In base 4, what is -1121010 + 1311?
-1113033
In base 12, what is 22486 - 3520?
1ab66
In base 4, what is -20120002 - -12321?
-20101021
In base 12, what is -9123 - 248a7?
-31a0a
In base 6, what is 35 - -43304?
43343
In base 8, what is 176065 - -61?
176146
